{"id":7,"date":"2014-09-29T22:23:45","date_gmt":"2014-09-29T20:23:45","guid":{"rendered":"http:\/\/andrealuebker.de\/relaunch\/?page_id=7"},"modified":"2017-11-01T12:06:08","modified_gmt":"2017-11-01T10:06:08","slug":"philosophie-vita","status":"publish","type":"page","link":"https:\/\/andrealuebker.de\/?page_id=7","title":{"rendered":"PHILOSOPHIE \/ VITA"},"content":{"rendered":"<p><strong>PHILOSOPHIE<\/strong><\/p>\n<p>In meinem Kosmetikstudio stehen \u00c4STETHIK und SCH\u00d6NHEIT der Haut im Fokus. In den hellen, puristisch gestalteten R\u00e4umen werden Konzepte mit hochwertigen Produkten entwickelt, die das Hautbild sichtbar verbessern und die Haut nachhaltig frischer, glatter und strahlender aussehen lassen.<\/p>\n<table>\n<tbody>\n<tr>\n<td style=\"vertical-align: middle; text-align: center;\"><img loading=\"lazy\" decoding=\"async\" class=\"alignnone size-medium wp-image-137\" src=\"https:\/\/andrealuebker.de\/wp-content\/uploads\/2014\/11\/photo_40_x_40_06-300x300.jpg\" alt=\"photo_40_x_40_06\" width=\"150\" height=\"150\" srcset=\"https:\/\/andrealuebker.de\/wp-content\/uploads\/2014\/11\/photo_40_x_40_06-300x300.jpg 300w, https:\/\/andrealuebker.de\/wp-content\/uploads\/2014\/11\/photo_40_x_40_06-150x150.jpg 150w, https:\/\/andrealuebker.de\/wp-content\/uploads\/2014\/11\/photo_40_x_40_06.jpg 520w\" sizes=\"auto, (max-width: 150px) 100vw, 150px\" \/><\/td>\n<td style=\"vertical-align: middle; text-align: center;\"><img loading=\"lazy\" decoding=\"async\" class=\"alignnone size-medium wp-image-139\" src=\"https:\/\/andrealuebker.de\/wp-content\/uploads\/2014\/11\/Blume-6-heller-300x300.jpg\" alt=\"Blume 6 heller\" width=\"150\" height=\"150\" srcset=\"https:\/\/andrealuebker.de\/wp-content\/uploads\/2014\/11\/Blume-6-heller-300x300.jpg 300w, https:\/\/andrealuebker.de\/wp-content\/uploads\/2014\/11\/Blume-6-heller-150x150.jpg 150w, https:\/\/andrealuebker.de\/wp-content\/uploads\/2014\/11\/Blume-6-heller.jpg 591w\" sizes=\"auto, (max-width: 150px) 100vw, 150px\" \/><\/td>\n<td style=\"vertical-align: middle; text-align: center;\"><img loading=\"lazy\" decoding=\"async\" class=\"alignnone size-medium wp-image-135\" src=\"https:\/\/andrealuebker.de\/wp-content\/uploads\/2014\/11\/Massage-300x300.jpg\" alt=\"Massage\" width=\"150\" height=\"150\" srcset=\"https:\/\/andrealuebker.de\/wp-content\/uploads\/2014\/11\/Massage-300x300.jpg 300w, https:\/\/andrealuebker.de\/wp-content\/uploads\/2014\/11\/Massage-150x150.jpg 150w, https:\/\/andrealuebker.de\/wp-content\/uploads\/2014\/11\/Massage.jpg 591w\" sizes=\"auto, (max-width: 150px) 100vw, 150px\" \/><\/td>\n<td style=\"vertical-align: middle; text-align: center;\"><img loading=\"lazy\" decoding=\"async\" class=\"alignnone size-medium wp-image-134\" src=\"https:\/\/andrealuebker.de\/wp-content\/uploads\/2014\/11\/Blume-8-300x300.jpg\" alt=\"Blume 8\" width=\"150\" height=\"150\" srcset=\"https:\/\/andrealuebker.de\/wp-content\/uploads\/2014\/11\/Blume-8-300x300.jpg 300w, https:\/\/andrealuebker.de\/wp-content\/uploads\/2014\/11\/Blume-8-150x150.jpg 150w, https:\/\/andrealuebker.de\/wp-content\/uploads\/2014\/11\/Blume-8.jpg 591w\" sizes=\"auto, (max-width: 150px) 100vw, 150px\" \/><\/td>\n<td style=\"vertical-align: middle; text-align: center;\"><img loading=\"lazy\" decoding=\"async\" class=\"alignnone size-medium wp-image-136\" src=\"https:\/\/andrealuebker.de\/wp-content\/uploads\/2014\/11\/Payot-Liege-300x300.jpg\" alt=\"Payot Liege\" width=\"150\" height=\"150\" srcset=\"https:\/\/andrealuebker.de\/wp-content\/uploads\/2014\/11\/Payot-Liege-300x300.jpg 300w, https:\/\/andrealuebker.de\/wp-content\/uploads\/2014\/11\/Payot-Liege-150x150.jpg 150w, https:\/\/andrealuebker.de\/wp-content\/uploads\/2014\/11\/Payot-Liege.jpg 591w\" sizes=\"auto, (max-width: 150px) 100vw, 150px\" \/><\/td>\n<\/tr>\n<\/tbody>\n<\/table>\n<p><strong>VITA<\/strong><\/p>\n<table class=\"entry-content\">\n<tbody>\n<tr>\n<td width=\"70%\">Nach fast 10 Jahren Erfahrung in anerkannten Kosmetikstudios, gr\u00fcndete Andrea L\u00fcbker 1996 das Kosmetikstudio Andrea L\u00fcbker.<br \/>\nSeit November 2017 befindet sich das Studio nahe der Aussenalster im Stadtpalais-Tesdorpfstra\u00dfe mit direktem Zugang zum angesagten Friseursalon Nicolaisen.<\/p>\n<ul>\n<li>1985 Besuch der Kosmetikschule L. Kr\u00fcger, Hamburg<\/li>\n<li>1987 Abschluss zur staatlich gepr\u00fcften Fachkosmetikerin vor der Handwerkskammer, Hamburg<\/li>\n<li>Ausbildung zur medizinischen Fu\u00dfpflegerin<\/li>\n<li>Ausbildung manuelle Lymphdrainage nach Dr. Vodder<\/li>\n<li>Ausbildung zur Visagistin<\/li>\n<\/ul>\n<\/td>\n<td style=\"vertical-align: middle; text-align: center;\" width=\"30%\"><img loading=\"lazy\" decoding=\"async\" class=\"alignnone size-medium wp-image-147\" src=\"https:\/\/andrealuebker.de\/wp-content\/uploads\/2014\/11\/Andrea-Foto-225x300.jpg\" alt=\"Andrea Foto\" width=\"225\" height=\"300\" srcset=\"https:\/\/andrealuebker.de\/wp-content\/uploads\/2014\/11\/Andrea-Foto-225x300.jpg 225w, https:\/\/andrealuebker.de\/wp-content\/uploads\/2014\/11\/Andrea-Foto-768x1024.jpg 768w, https:\/\/andrealuebker.de\/wp-content\/uploads\/2014\/11\/Andrea-Foto-624x832.jpg 624w, https:\/\/andrealuebker.de\/wp-content\/uploads\/2014\/11\/Andrea-Foto.jpg 900w\" sizes=\"auto, (max-width: 225px) 100vw, 225px\" \/><\/td>\n<\/tr>\n<\/tbody>\n<\/table>\n","protected":false},"excerpt":{"rendered":"<p>PHILOSOPHIE In meinem Kosmetikstudio stehen \u00c4STETHIK und SCH\u00d6NHEIT der Haut im Fokus. In den hellen, puristisch gestalteten R\u00e4umen werden Konzepte mit hochwertigen Produkten entwickelt, die das Hautbild sichtbar verbessern und die Haut nachhaltig frischer, glatter und strahlender aussehen lassen. VITA Nach fast 10 Jahren Erfahrung in anerkannten Kosmetikstudios, gr\u00fcndete Andrea L\u00fcbker 1996 das Kosmetikstudio Andrea [&hellip;]<\/p>\n","protected":false},"author":1,"featured_media":0,"parent":0,"menu_order":10,"comment_status":"closed","ping_status":"open","template":"","meta":{"footnotes":""},"class_list":["post-7","page","type-page","status-publish","hentry"],"_links":{"self":[{"href":"https:\/\/andrealuebker.de\/index.php?rest_route=\/wp\/v2\/pages\/7","targetHints":{"allow":["GET"]}}],"collection":[{"href":"https:\/\/andrealuebker.de\/index.php?rest_route=\/wp\/v2\/pages"}],"about":[{"href":"https:\/\/andrealuebker.de\/index.php?rest_route=\/wp\/v2\/types\/page"}],"author":[{"embeddable":true,"href":"https:\/\/andrealuebker.de\/index.php?rest_route=\/wp\/v2\/users\/1"}],"replies":[{"embeddable":true,"href":"https:\/\/andrealuebker.de\/index.php?rest_route=%2Fwp%2Fv2%2Fcomments&post=7"}],"version-history":[{"count":38,"href":"https:\/\/andrealuebker.de\/index.php?rest_route=\/wp\/v2\/pages\/7\/revisions"}],"predecessor-version":[{"id":356,"href":"https:\/\/andrealuebker.de\/index.php?rest_route=\/wp\/v2\/pages\/7\/revisions\/356"}],"wp:attachment":[{"href":"https:\/\/andrealuebker.de\/index.php?rest_route=%2Fwp%2Fv2%2Fmedia&parent=7"}],"curies":[{"name":"wp","href":"https:\/\/api.w.org\/{rel}","templated":true}]}}

<p><strong>PHILOSOPHIE</strong></p>
<p>In meinem Kosmetikstudio stehen ÄSTETHIK und SCHÖNHEIT der Haut im Fokus. In den hellen, puristisch gestalteten Räumen werden Konzepte mit hochwertigen Produkten entwickelt, die das Hautbild sichtbar verbessern und die Haut nachhaltig frischer, glatter und strahlender aussehen lassen.</p>
<table>
<tbody>
<tr>
<td style="vertical-align: middle; text-align: center;"><img loading="lazy" decoding="async" class="alignnone size-medium wp-image-137" src="https://andrealuebker.de/wp-content/uploads/2014/11/photo_40_x_40_06-300x300.jpg" alt="photo_40_x_40_06" width="150" height="150" srcset="https://andrealuebker.de/wp-content/uploads/2014/11/photo_40_x_40_06-300x300.jpg 300w, https://andrealuebker.de/wp-content/uploads/2014/11/photo_40_x_40_06-150x150.jpg 150w, https://andrealuebker.de/wp-content/uploads/2014/11/photo_40_x_40_06.jpg 520w" sizes="auto, (max-width: 150px) 100vw, 150px" /></td>
<td style="vertical-align: middle; text-align: center;"><img loading="lazy" decoding="async" class="alignnone size-medium wp-image-139" src="https://andrealuebker.de/wp-content/uploads/2014/11/Blume-6-heller-300x300.jpg" alt="Blume 6 heller" width="150" height="150" srcset="https://andrealuebker.de/wp-content/uploads/2014/11/Blume-6-heller-300x300.jpg 300w, https://andrealuebker.de/wp-content/uploads/2014/11/Blume-6-heller-150x150.jpg 150w, https://andrealuebker.de/wp-content/uploads/2014/11/Blume-6-heller.jpg 591w" sizes="auto, (max-width: 150px) 100vw, 150px" /></td>
<td style="vertical-align: middle; text-align: center;"><img loading="lazy" decoding="async" class="alignnone size-medium wp-image-135" src="https://andrealuebker.de/wp-content/uploads/2014/11/Massage-300x300.jpg" alt="Massage" width="150" height="150" srcset="https://andrealuebker.de/wp-content/uploads/2014/11/Massage-300x300.jpg 300w, https://andrealuebker.de/wp-content/uploads/2014/11/Massage-150x150.jpg 150w, https://andrealuebker.de/wp-content/uploads/2014/11/Massage.jpg 591w" sizes="auto, (max-width: 150px) 100vw, 150px" /></td>
<td style="vertical-align: middle; text-align: center;"><img loading="lazy" decoding="async" class="alignnone size-medium wp-image-134" src="https://andrealuebker.de/wp-content/uploads/2014/11/Blume-8-300x300.jpg" alt="Blume 8" width="150" height="150" srcset="https://andrealuebker.de/wp-content/uploads/2014/11/Blume-8-300x300.jpg 300w, https://andrealuebker.de/wp-content/uploads/2014/11/Blume-8-150x150.jpg 150w, https://andrealuebker.de/wp-content/uploads/2014/11/Blume-8.jpg 591w" sizes="auto, (max-width: 150px) 100vw, 150px" /></td>
<td style="vertical-align: middle; text-align: center;"><img loading="lazy" decoding="async" class="alignnone size-medium wp-image-136" src="https://andrealuebker.de/wp-content/uploads/2014/11/Payot-Liege-300x300.jpg" alt="Payot Liege" width="150" height="150" srcset="https://andrealuebker.de/wp-content/uploads/2014/11/Payot-Liege-300x300.jpg 300w, https://andrealuebker.de/wp-content/uploads/2014/11/Payot-Liege-150x150.jpg 150w, https://andrealuebker.de/wp-content/uploads/2014/11/Payot-Liege.jpg 591w" sizes="auto, (max-width: 150px) 100vw, 150px" /></td>
</tr>
</tbody>
</table>
<p><strong>VITA</strong></p>
<table class="entry-content">
<tbody>
<tr>
<td width="70%">Nach fast 10 Jahren Erfahrung in anerkannten Kosmetikstudios, gründete Andrea Lübker 1996 das Kosmetikstudio Andrea Lübker.<br />
Seit November 2017 befindet sich das Studio nahe der Aussenalster im Stadtpalais-Tesdorpfstraße mit direktem Zugang zum angesagten Friseursalon Nicolaisen.</p>
<ul>
<li>1985 Besuch der Kosmetikschule L. Krüger, Hamburg</li>
<li>1987 Abschluss zur staatlich geprüften Fachkosmetikerin vor der Handwerkskammer, Hamburg</li>
<li>Ausbildung zur medizinischen Fußpflegerin</li>
<li>Ausbildung manuelle Lymphdrainage nach Dr. Vodder</li>
<li>Ausbildung zur Visagistin</li>
</ul>
</td>
<td style="vertical-align: middle; text-align: center;" width="30%"><img loading="lazy" decoding="async" class="alignnone size-medium wp-image-147" src="https://andrealuebker.de/wp-content/uploads/2014/11/Andrea-Foto-225x300.jpg" alt="Andrea Foto" width="225" height="300" srcset="https://andrealuebker.de/wp-content/uploads/2014/11/Andrea-Foto-225x300.jpg 225w, https://andrealuebker.de/wp-content/uploads/2014/11/Andrea-Foto-768x1024.jpg 768w, https://andrealuebker.de/wp-content/uploads/2014/11/Andrea-Foto-624x832.jpg 624w, https://andrealuebker.de/wp-content/uploads/2014/11/Andrea-Foto.jpg 900w" sizes="auto, (max-width: 225px) 100vw, 225px" /></td>
</tr>
</tbody>
</table>

<p>PHILOSOPHIE In meinem Kosmetikstudio stehen ÄSTETHIK und SCHÖNHEIT der Haut im Fokus. In den hellen, puristisch gestalteten Räumen werden Konzepte mit hochwertigen Produkten entwickelt, die das Hautbild sichtbar verbessern und die Haut nachhaltig frischer, glatter und strahlender aussehen lassen. VITA Nach fast 10 Jahren Erfahrung in anerkannten Kosmetikstudios, gründete Andrea Lübker 1996 das Kosmetikstudio Andrea [&hellip;]</p>
